late the remainder when 193427 is divided by 64471.
14
Calculate the remainder when 18673717 is divided by 40595.
17
Calculate the remainder when 5711633 is divided by 164.
5
What is the remainder when 2233146 is divided by 1271?
1270
Calculate the remainder when 62682 is divided by 31097.
488
What is the remainder when 205741 is divided by 22598?
2359
What is the remainder when 610893 is divided by 6?
3
What is the remainder when 8936 is divided by 7090?
1846
What is the remainder when 2225331 is divided by 2224781?
550
What is the remainder when 922712 is divided by 49?
42
Calculate the remainder when 122118079 is divided by 1821.
1819
Calculate the remainder when 32222249 is divided by 19.
16
Calculate the remainder when 16545 is divided by 3872.
1057
Calculate the remainder when 570181 is divided by 6045.
1951
Calculate the remainder when 1575808 is divided by 965.
928
Calculate the remainder when 525482 is divided by 30471.
7475
What is the remainder when 28133 is divided by 313?
276
What is the remainder when 508035 is divided by 864?
3
What is the remainder when 33991665 is divided by 8497894?
89
Calculate the remainder when 6659482 is divided by 6574.
20
Calculate the remainder when 44798145 is divided by 75291.
0
What is the remainder when 35550908 is divided by 259?
50
Calculate the remainder when 28808 is divided by 1173.
656
Calculate the remainder when 748312 is divided by 53353.
1370
What is the remainder when 43206126 is divided by 82?
80
What is the remainder when 3003188493 is divided by 77?
74
What is the remainder when 3129282 is divided by 19198?
8
What is the remainder when 884574 is divided by 56?
54
What is the remainder when 3962272 is divided by 840?
832
Calculate the remainder when 154553 is divided by 3372.
2813
Calculate the remainder when 252779 is divided by 50545.
54
Calculate the remainder when 10017130 is divided by 1268.
1198
What is the remainder when 647430 is divided by 323102?
1226
What is the remainder when 8322 is divided by 1492?
862
What is the remainder when 1474738 is divided by 491470?
328
Calculate the remainder when 518546 is divided by 86423.
8
What is the remainder when 7849 is divided by 523?
4
What is the remainder when 2335695 is divided by 1725?
45
Calculate the remainder when 5814264 is divided by 361.
359
What is the remainder when 29275259 is divided by 791223?
8
What is the remainder when 4258280 is divided by 262?
256
What is the remainder when 2068881 is divided by 689598?
87
What is the remainder when 6814531 is divided by 46?
45
What is the remainder when 250190 is divided by 6759?
107
What is the remainder when 5804023 is divided by 561?
478
Calculate the remainder when 25087124 is divided by 426.
410
What is the remainder when 1858654 is divided by 4?
2
Calculate the remainder when 127883 is divided by 1102.
51
What is the remainder when 3455608 is divided by 66454?
0
What is the remainder when 1441265 is divided by 671?
628
Calculate the remainder when 11694472 is divided by 22.
20
What is the remainder when 784856 is divided by 1573?
1502
What is the remainder when 690425 is divided by 45?
35
Calculate the remainder when 265566 is divided by 26537.
196
What is the remainder when 809742 is divided by 2588?
2286
Calculate the remainder when 105252154 is divided by 54.
52
Calculate the remainder when 40162463 is divided by 24.
23
What is the remainder when 5316179 is divided by 379719?
113
What is the remainder when 18962889 is divided by 3426?
3405
What is the remainder when 80950 is divided by 8724?
2434
Calculate the remainder when 240164 is divided by 1492.
1444
What is the remainder when 16949614 is divided by 5649862?
28
What is the remainder when 427630 is divided by 412?
386
Calculate the remainder when 2092368 is divided by 149454.
12
Calculate the remainder when 1236795514 is divided by 19.
14
Calculate the remainder when 84943 is divided by 6531.
40
What is the remainder when 5431203 is divided by 5?
3
What is the remainder when 50253704 is divided by 38?
34
What is the remainder when 31663628 is divided by 281?
267
Calculate the remainder when 64686 is divided by 1014.
804
Calculate the remainder when 4150390 is divided by 147.
139
What is the remainder when 688752 is divided by 3871?
3585
Calculate the remainder when 26405033 is divided by 4212.
5
Calculate the remainder when 694560 is divided by 138652.
1300
Calculate the remainder when 8251261 is divided by 7200.
61
Calculate the remainder when 11496 is divided by 932.
312
What is the remainder when 731588 is divided by 280?
228
What is the remainder when 153122 is divided by 17?
3
Calculate the remainder when 28010952 is divided by 2334245.
12
What is the remainder when 447103 is divided by 34391?
20
What is the remainder when 1671364 is divided by 557011?
331
Calculate the remainder when 26997847 is divided by 2771.
2765
What is the remainder when 1072399 is divided by 348?
211
What is the remainder when 6448130 is divided by 2149346?
92
What is the remainder when 36901 is divided by 18294?
313
Calculate the remainder when 78218 is divided by 78087.
131
What is the remainder when 3144951 is divided by 786235?
11
Calculate the remainder when 53443507 is divided by 703204.
3
What is the remainder when 3007934 is divided by 212?
78
Calculate the remainder when 1902075 is divided by 6404.
87
Calculate the remainder when 782283 is divided by 541.
538
Calculate the remainder when 89141817 is divided by 60.
57
Calculate the remainder when 562135 is divided by 29586.
1
Calculate the remainder when 119713 is divided by 52.
9
What is the remainder when 5956182 is divided by 850871?
85
Calculate the remainder when 427133 is divided by 5387.
1560
Calculate the remainder when 6153482 is divided by 5661.
5636
What is the remainder when 343749 is divided by 230?
129
Calculate the remainder when 1979783 is divided by 1385.
618
Calculate the remainder when 57012619 is divided by 140.
139
What is the remainder when 17910 is divided by 8847?
216
Calculate the remainder when 73012609 is divided by 133.
131
What is the remainder when 13658503 is divided by 92?
91
What is the remainder when 71188574 is divided by 24?
14
What is the remainder when 94922 is divided by 706?
318
Calculate the remainder when 7782 is divided by 7726.
56
What is the remainder when 1660381 is divided by 11611?
8
What is the remainder when 17354494 is divided by 1416?
1414
What is the remainder when 52615 is divided by 226?
183
Calculate the remainder when 38970556 is divided by 12990170.
46
Calculate the remainder when 89110 is divided by 1158.
1102
Calculate the remainder when 633070 is divided by 349.
333
What is the remainder when 30446993 is divided by 53?
30
What is the remainder when 431534 is divided by 11661?
77
Calculate the remainder when 5933566 is divided by 8264.
14
Calculate the remainder when 55274 is divided by 968.
98
Calculate the remainder when 528442 is divided by 47.
21
Calculate the remainder when 833555423 is divided by 48.
47
What is the remainder when 70110 is divided by 816?
750
Calculate the remainder when 21093 is divided by 6706.
975
What is the remainder when 20996874 is divided by 1051?
1047
Calculate the remainder when 2554335 is divided by 56.
7
Calculate the remainder when 45456 is divided by 45161.
295
Calculate the remainder when 745747 is divided by 153.
25
What is the remainder when 19851 is divided by 1001?
832
What is the remainder when 12309565 is divided by 11951?
35
Calculate the remainder when 84808548 is divided by 158.
152
Calculate the remainder when 2346088 is divided by 6667.
5971
What is the remainder when 15704018 is divided by 1046934?
8
What is the remainder when 55294889 is divided by 82?
75
Calculate the remainder when 1210608 is divided by 172886.
406
What is the remainder when 1376188 is divided by 1129?
1066
Calculate the remainder when 635993 is divided by 13.
7
What is the remainder when 8057468 is divided by 895269?
47
Calculate the remainder when 66309341 is divided by 5384.
5381
What is the remainder when 1565044 is divided by 782499?
46
What is the remainder when 217842 is divided by 447?
153
Calculate the remainder when 26658068 is divided by 62.
52
Calculate the remainder when 128252894 is di